 of 117397488?
3
What is the tens digit of 95212163?
6
What is the thousands digit of 122253182?
3
What is the hundred millions digit of 645496575?
6
What is the hundreds digit of 155176751?
7
What is the hundreds digit of 395239198?
1
What is the hundred thousands digit of 190854847?
8
What is the millions digit of 2263443872?
3
What is the units digit of 3587607107?
7
What is the units digit of 902400229?
9
What is the hundreds digit of 306571825?
8
What is the units digit of 208061343?
3
What is the tens digit of 5386330451?
5
What is the millions digit of 409486851?
9
What is the hundreds digit of 19371429?
4
What is the hundred thousands digit of 857920834?
9
What is the units digit of 61921798?
8
What is the millions digit of 29807419?
9
What is the hundred thousands digit of 5353185?
3
What is the ten millions digit of 58974977?
5
What is the units digit of 448502305?
5
What is the hundred millions digit of 1165394416?
1
What is the ten thousands digit of 146232124?
3
What is the thousands digit of 8021726?
1
What is the millions digit of 201997786?
1
What is the ten thousands digit of 36041641?
4
What is the tens digit of 1607376151?
5
What is the ten thousands digit of 1239223451?
2
What is the tens digit of 60467699?
9
What is the thousands digit of 33193464?
3
What is the millions digit of 57204440?
7
What is the ten millions digit of 118195108?
1
What is the ten millions digit of 47465859?
4
What is the units digit of 950714906?
6
What is the ten thousands digit of 1987084238?
8
What is the units digit of 3039933244?
4
What is the hundreds digit of 36623827?
8
What is the hundred thousands digit of 1056520202?
5
What is the ten thousands digit of 2038424665?
2
What is the hundreds digit of 4713006064?
0
What is the units digit of 785267393?
3
What is the ten thousands digit of 145820583?
2
What is the ten millions digit of 78742707?
7
What is the thousands digit of 12888637?
8
What is the hundred millions digit of 185140785?
1
What is the hundreds digit of 2328165676?
6
What is the ten thousands digit of 14385616?
8
What is the hundred millions digit of 561847002?
5
What is the hundred thousands digit of 57113885?
1
What is the billions digit of 3092059838?
3
What is the millions digit of 66087842?
6
What is the hundred thousands digit of 103837032?
8
What is the ten millions digit of 236999081?
3
What is the hundred millions digit of 102219109?
1
What is the ten millions digit of 394680017?
9
What is the ten millions digit of 51956060?
5
What is the hundreds digit of 133105432?
4
What is the millions digit of 935774819?
5
What is the ten thousands digit of 486788758?
8
What is the ten thousands digit of 3716029483?
2
What is the hundred millions digit of 1469534049?
4
What is the millions digit of 104624807?
4
What is the hundreds digit of 1760160987?
9
What is the thousands digit of 667470956?
0
What is the units digit of 111844293?
3
What is the thousands digit of 801819634?
9
What is the units digit of 25081975?
5
What is the thousands digit of 163651665?
1
What is the thousands digit of 72367972?
7
What is the hundreds digit of 37370396?
3
What is the millions digit of 1117606250?
7
What is the millions digit of 726051227?
6
What is the hundred thousands digit of 1826102238?
1
What is the millions digit of 662976080?
2
What is the billions digit of 1363463297?
1
What is the ten millions digit of 896755329?
9
What is the tens digit of 1390784332?
3
What is the thousands digit of 116871224?
1
What is the units digit of 412236159?
9
What is the millions digit of 433253164?
3
What is the units digit of 16831382?
2
What is the ten millions digit of 2765909374?
6
What is the ten millions digit of 60283997?
6
What is the thousands digit of 139440794?
0
What is the hundred millions digit of 219335749?
2
What is the ten thousands digit of 50803019?
0
What is the hundred thousands digit of 309646780?
6
What is the hundreds digit of 163458993?
9
What is the hundreds digit of 31170400?
4
What is the ten thousands digit of 261439433?
3
What is the millions digit of 107270712?
7
What is the units digit of 107267541?
1
What is the hundred thousands digit of 2165724580?
7
What is the ten thousands digit of 1425984460?
8
What is the hundred thousands digit of 302993511?
9
What is the units digit of 88939967?
7
What is the hundred millions digit of 213419561?
2
What is the hundred thousands digit of 94954339?
9
What is the hundred millions digit of 108177805?
1
What is the thousands digit of 59533810?
3
What is the tens digit of 857192588?
8
What is the ten millions digit of 460614037?
6
What is the hundred thousands digit of 23002516?
0
What is the thousands digit of 5793079649?
9
What is the hundred millions digit of 166942066?
1
What is the tens digit of 1757855674?
7
What is the hundreds digit of 49924768?
7
What is the millions digit of 438462773?
8
What is the units digit of 3705877388?
8
What is the hundreds digit of 282082178?
1
What is the ten thousands digit of 232393919?
9
What is the thousands digit of 8124749623?
9
What is the tens digit of 591469910?
1
What is the ten millions digit of 803053581?
0
What is the hundreds digit of 299516073?
0
What is the hundreds digit of 1566433405?
4
What is the ten millions digit of 14385983?
1
What is the hundreds digit of 8686699?
6
What is the hundreds digit of 2587813348?
3
What is the ten millions digit of 416343946?
1
What is the ten thousands digit of 516834659?
3
What is the ten thousands digit of 12205848?
0
What is the thousands digit of 5502125?
2
What is the ten millions digit of 21328373?
2
What is the hundred thousands digit of 75124946?
1
What is the tens digit of 137761686?
8
What is the units digit of 134802525?
5
What is the units digit of 640317493?
3
What is the hundreds digit of 151969405?
4
What is the units digit of 4896331?
1
What is the ten thousands digit of 451812358?
1
What is the ten thousands digit of 100743305?
4
What is the millions digit of 464832052?
4
What is the units digit of 1386801616?
6
What is the hundred thousands digit of 16763675?
7
What is the ten thousands digit of 70206498?
0
What is the hundred thousands digit of 3447908?
4
What is the tens digit of 3757124259?
5
What is the hundreds digit of 70929722?
7
What is the ten thousands digit of 51219853?
1
What is the hundred thousands digit of 2307785669?
7
What is the thousands digit of 1346268687?
8
What is the units digit of 21846613?
3
What is the ten thousands digit of 202634009?
3
What is the tens digit of 6921721?
2
What is the hundred millions digit of 951453572?
9
What is the hundred thousands digit of 1521228513?
2
What is the ten millions digit of 210773873?
1
What is the hundred thousands digit of 30019397?
0
What is the millions digit of 52579207?
2
What is the hundreds digit of 54900570?
5
What is the tens digit of 193877308?
0
What is the tens digit of 228868270?
7
What is the ten millions digit of 12038337?
1
What is the millions digit of 24025509?
4
What is the ten thousands digit of 3364146028?
4
What is the millions digit of 813161897?
3
What is the hundreds digit of 28335380?
3
What is the tens digit of 31896198?
9
What is the thousands digit of 631771778?
1
What is the millions digit of 318979454?
8
What is the hundred thousands digit of 3697121337?
1
What is the ten millions digit of 31910489?
3
What is the hundreds digit of 247042191?
1
What is the hundred thousands digit of 1770291725?
2
What is the millions digit of 723476752?
3
What is the units digit of 27200955?
5
What is the units digit of 33270674?
4
What is the thousands digit of 3357635073?
5
What is the thousands digit of 687375285?
5
What is the ten thousands digit of 19657991?
5
What is the millions digit of 134680562?
4
What is the hundreds digit of 4021243595?
5
What is the tens digit of 2424352085?
8
What is the hundred millions digit of 222740901?
2
What is the ten millions digit of 18896440?
1
What is the hundreds digit of 33919966?
9
What is the ten thousands digit of 106890744?
9
What is the units digit of 127398767?
7
What is the ten millions digit of 107867744?
0
What is the hundred millions digit of 140257380?
1
What is the hundreds digit of 209103842?
8
What is the billions digit of 1527506997?
1
What is